lculate the highest common factor of f and 1.
1
Let p = 9 + -5. Let v be 0 - 0 - (-1 + -46). Suppose p*y - v = 5. What is the highest common divisor of 91 and y?
13
Suppose 0 = 5*y - 4 - 6. Suppose 2 = y*b - 0. What is the highest common factor of 1 and b?
1
Let k = -11 - -28. Let f = -12 + k. Suppose 5*n + 2*b - 3*b - 830 = 0, -f*n - b + 820 = 0. Calculate the greatest common factor of n and 15.
15
Suppose 2*c - 42 = -4*z, 2*z - z - 5 = 0. What is the greatest common factor of 77 and c?
11
Suppose -12*l + 11*l = -5. What is the greatest common factor of l and 1?
1
Let l(i) = 3*i**3 - 6*i**2 + 5*i + 1. Let w be l(4). Calculate the greatest common factor of w and 13.
13
Suppose 2*h - 11 = 3*h. Let g = 26 + h. Suppose 5*p + 36 - 426 = -3*w, -138 = -w + p. Calculate the highest common factor of w and g.
15
Suppose -2*v + 39 = -27. Suppose 0 = 4*p + 4*s, -4*p + 3 = p + 4*s. What is the highest common divisor of v and p?
3
Suppose 5*x - 9 = -4. Let a be (-5 + x - -8) + 19. What is the highest common factor of 69 and a?
23
Suppose -2*t - 5*y = -107 - 104, 0 = 2*t - 4*y - 220. Calculate the greatest common divisor of 12 and t.
12
Let d be 10/4*66/55. Suppose 0 = 5*s + d*z - 373, -7*s + 2*z + 393 = -2*s. What is the highest common divisor of 11 and s?
11
Let f(c) = 3*c**2 - 5. Let o be f(6). Suppose d - o = -3*x, -2*x - 3*x + 157 = -2*d. Let j = x - 19. What is the highest common divisor of 7 and j?
7
Let s be 29 + -1*4/(-2). What is the greatest common factor of 31 and s?
31
Suppose 4*b - 5*t - 193 = 0, -b + 25 - 8 = 5*t. Let j = 12 + b. Suppose -5*s - 4 = -j. What is the greatest common factor of 80 and s?
10
Let z(v) = -v**3 - 4*v**2 + 5*v + 1. Let q be z(-5). Let n be 9*10 + 0/q. Let p = 109 + -73. Calculate the greatest common divisor of p and n.
18
Let w = 199 + -45. What is the highest common divisor of 14 and w?
14
Let q(p) = -p**3 + 6*p**2 - p - 6. Let v be q(6). Let z = v - -20. Let u be (44/16)/(2/z). What is the greatest common divisor of u and 1?
1
Suppose -4*j + 44 + 4 = 0. Calculate the greatest common factor of j and 48.
12
Let t(b) = -b**3 + 6*b**2 + 5*b + 5. Let v be t(6). Let h(z) = -z**2 - 9*z - 6. Let o be h(-5). Calculate the highest common divisor of o and v.
7
Suppose -2*b + b = -3*x - 171, 489 = 3*b - x. Calculate the greatest common divisor of 108 and b.
54
Let f(p) = -2*p**3 + 9 + p**3 - 6*p + 12*p**2 - 5*p**2. Let d be f(6). Let q be 141/4 + d/(-36). Calculate the greatest common factor of q and 5.
5
Let z = 0 - -2. Let a(w) = -7*w + 1. Let t be a(1). Let o be t/15 - (-42)/5. Calculate the greatest common divisor of z and o.
2
Let i(c) = -2*c**3 + 2*c + 2. Let d be i(-2). Calculate the greatest common factor of 7 and d.
7
Let g(o) = -o**2 + 5*o + 6. Let a be g(6). Let i = 190 + -82. Suppose a*c = -3*c + i. Calculate the greatest common divisor of c and 18.
18
Suppose -m = -0*m - v - 17, -4*v + 92 = 4*m. Calculate the highest common divisor of m and 30.
10
Suppose -3*g + 9 + 12 = 5*x, 2*g - 4*x + 8 = 0. Let y be -9*1/(g + -3). Let z be (60/(-18))/((-2)/27). What is the highest common factor of y and z?
9
Suppose -5*i + 21 = 1. Calculate the greatest common divisor of 36 and i.
4
Suppose -4*a - a = -d - 57, 20 = 2*a + d. What is the greatest common divisor of 33 and a?
11
Suppose -2*r = -3*r + 3. Let p = r + 1. Suppose 3*y - 197 = d, p*d + 10 + 316 = 5*y. Calculate the highest common divisor of y and 22.
22
Let f = 93 + -67. Suppose 0 = 4*o - 200 + 44. What is the highest common divisor of o and f?
13
Suppose 4*a + 34 = 3*i, 72 = -5*a + 2*i + 26. Let g be (0 + -2)/(4/a). What is the highest common divisor of g and 45?
5
Suppose -2*n + 3*z = 6, 3*z = 2*n - 2*z + 10. Suppose -2*r + 46 + 42 = n. Let s = 79 - r. Calculate the highest common divisor of 7 and s.
7
Let c(w) = 8*w**2 - 2*w - 2. Let x be c(2). What is the greatest common divisor of x and 26?
26
Let p be (-4 + 2)/((-1)/16). What is the highest common factor of 8 and p?
8
Suppose g - 5 = -0*g. Suppose 3*z - 15 = 2*z. Suppose 3*o - 4*c = -0*c - 3, g*c = z. Calculate the highest common factor of o and 21.
3
Let r(p) = 2*p**2 - 2*p - 4. Let i be r(4). What is the highest common factor of i and 20?
20
Let y(q) = 7*q**2 - q + 1. Let v be y(1). Suppose 3*d = v*d. Suppose -t + 0*t + 24 = d. Calculate the highest common divisor of t and 36.
12
Let w be 482/4 - 1/2. What is the highest common divisor of w and 24?
24
Let r be (-4)/((-2)/6*-2). Let d be (4/r)/(4/(-162)). What is the greatest common divisor of 9 and d?
9
Let t = 40 - 24. Suppose -3*r + 3*h + t = -2*h, 0 = -5*r - 4*h + 76. Calculate the greatest common divisor of r and 60.
12
Let r be 6/14 - (-2 + (-3835)/35). What is the greatest common factor of 14 and r?
14
Let a(w) = w**3 - 13*w**2 + 15*w - 15. Let d be a(12). What is the highest common divisor of d and 7?
7
Suppose -3*g + 5*b + 2 = 0, 10 = 2*b - 0*b. Suppose -2*s + 5*m = 243, 2*s + 2*m = -0*m - 208. Let x = -46 - s. What is the highest common factor of x and g?
9
Suppose -f - 316 = -5*f. Suppose 3*r = -2*w - 33 + f, 4*r = -4*w + 68. Let b be (-12)/15 + (-216)/(-45). Calculate the greatest common factor of r and b.
4
Let s be (26/3)/(4/6). Calculate the greatest common factor of 117 and s.
13
Let p = -14 + 39. Calculate the highest common divisor of p and 1.
1
Let o be 1926/24 + 1/(-4). Calculate the highest common factor of o and 16.
16
Let g(z) = -z - 5. Let d be g(-5). Suppose -18 = -4*y + x, -y = -d*y - 3*x - 10. Calculate the highest common divisor of 8 and y.
4
Suppose -5*l - 5*f = -6*f - 166, -5*f = 2*l - 61. Let v be 55/30 - 2/(-12). Suppose -v*o - 2*o + 88 = 0. What is the greatest common factor of l and o?
11
Let c(p) = -p**3 + 17*p**2 + 39*p - 5. Let s be c(19). Let b be 6/(-15) + 553/(-5). Let z = 1 - b. What is the greatest common factor of s and z?
14
Let y(j) = 10*j**2. Let i be y(2). Let m be 0 + 0 + 5 - -1. Let n = m + -1. What is the highest common divisor of i and n?
5
Suppose -4*g = 2*x - 4*x + 32, g = 5*x - 80. Calculate the highest common divisor of 2 and x.
2
Suppose 0*y + 2 = y. Let g = 8 - y. What is the highest common divisor of 3 and g?
3
Let q be 2/(-4)*(-9 + 1)/4. Calculate the greatest common divisor of q and 1.
1
Let d(f) = -3*f - 8. Let q be d(-8). Let k be q/10*(-30)/(-4). Calculate the greatest common divisor of k and 132.
12
Let k(i) = -i**2 + 8*i - 13. Let c be k(3). What is the highest common divisor of c and 22?
2
Let b be (-99)/44*6/9*-6. What is the greatest common divisor of b and 1?
1
Let d(i) be the first derivative of -i**4/4 - 4*i**3/3 + 3*i**2 + 2. Let t be d(-6). What is the greatest common factor of 24 and t?
12
Suppose 0 = -4*j - m + 2 + 20, 5*j = 4*m + 17. Suppose g + 2*g = 48. Suppose 3*x - j*x + g = 0. What is the greatest common factor of 32 and x?
8
Suppose -2*c - 19 = -5*u, -3*u = u - c - 17. Let q = u - -8. Suppose 3*j = 70 + 203. What is the highest common divisor of q and j?
13
Let b(q) = 18*q - 4. Let v be b(10). What is the highest common divisor of 16 and v?
16
Suppose 8 = 3*b - 2*b + 3*i, -4*i + 64 = 4*b. Let j = -222 - -402. What is the greatest common divisor of j and b?
20
Let a(c) = c**2 - 16. Let p be a(7). Let v(j) = -3*j - 10. Let g be v(-7). What is the highest common factor of g and p?
11
Let u(l) = l + 13. Let q be u(-12). Let j = 2 + q. What is the greatest common divisor of j and 6?
3
Suppose -4*o = -2*b - 0*b + 128, -4 = -2*o. Let g = -19 - -87. Suppose 0 = 3*s - 7*s + g. What is the greatest common factor of b and s?
17
Suppose 5*c = 8*c - 624. Suppose 3*o = o + c. Calculate the greatest common divisor of o and 26.
26
Let a = -25 + 29. What is the highest common factor of a and 16?
4
Let m(g) be the first derivative of g**3/3 + 5*g**2/2 - g + 5. Let c = -10 + 4. Let n be m(c). Calculate the greatest common divisor of 45 and n.
5
Suppose 0*u = -2*u + 18. Calculate the highest common factor of u and 27.
9
Let z(p) = 8*p + 58. Let r be z(-7). What is the highest common divisor of 2 and r?
2
Let f = 213 + -53. Calculate the highest common factor of 64 and f.
32
Suppose 4*r - 388 = 2*h, 0*r + 3*h = -r + 90. Calculate the greatest common divisor of 12 and r.
12
Let l(c) = -c**2 + c - 3. Let m be l(-3). Let k be (25/m)/((-2)/132). Calculate the highest common factor of 10 and k.
10
Let n =